1
What is 11 (base 6) in base 9?
7
205 (base 6) to base 8
115
Convert 22 (base 7) to base 13.
13
What is 155 (base 9) in base 14?
95
0 (base 8) to base 5
0
What is 3 (base 13) in base 16?
3
Convert 106 (base 10) to base 6.
254
What is -197 (base 11) in base 12?
-16b
-15 (base 8) to base 2
-1101
Convert -10 (base 12) to base 9.
-13
What is 1 (base 14) in base 15?
1
Convert 61 (base 10) to base 14.
45
What is -1e (base 15) in base 4?
-131
Convert 132 (base 6) to base 4.
320
e (base 16) to base 8
16
Convert -99 (base 11) to base 4.
-1230
What is -13 (base 13) in base 14?
-12
32 (base 7) to base 15
18
Convert -400 (base 8) to base 13.
-169
What is -53 (base 13) in base 6?
-152
Convert -2 (base 13) to base 6.
-2
-3 (base 6) to base 5
-3
36 (base 9) to base 7
45
What is -11 (base 6) in base 4?
-13
What is -1 (base 8) in base 3?
-1
Convert -5 (base 7) to base 13.
-5
What is 5 (base 8) in base 5?
10
-22 (base 14) to base 16
-1e
What is 8 (base 16) in base 13?
8
What is 2 (base 10) in base 9?
2
-228 (base 10) to base 4
-3210
What is 3d (base 15) in base 11?
53
-36 (base 15) to base 11
-47
-8 (base 12) to base 6
-12
What is -301 (base 4) in base 7?
-100
-1 (base 8) to base 12
-1
What is 0 (base 9) in base 2?
0
100 (base 4) to base 7
22
Convert -115 (base 7) to base 10.
-61
-41 (base 9) to base 13
-2b
Convert -8 (base 14) to base 15.
-8
What is 100000 (base 2) in base 10?
32
6 (base 9) to base 15
6
What is 3b (base 16) in base 14?
43
Convert -11 (base 2) to base 4.
-3
11111 (base 3) to base 14
89
What is 4 (base 13) in base 6?
4
-106 (base 8) to base 11
-64
What is 135 (base 9) in base 13?
89
What is 0 (base 16) in base 12?
0
-a (base 16) to base 15
-a
Convert 102 (base 6) to base 4.
212
Convert 1331 (base 5) to base 13.
138
What is 7 (base 10) in base 14?
7
-129 (base 15) to base 11
-220
-11100 (base 3) to base 7
-225
Convert -303 (base 4) to base 12.
-43
What is 200 (base 4) in base 2?
100000
29 (base 10) to base 2
11101
3 (base 4) to base 16
3
What is -10 (base 8) in base 15?
-8
2110 (base 4) to base 6
404
Convert 15 (base 9) to base 2.
1110
28 (base 11) to base 7
42
Convert -2 (base 5) to base 16.
-2
What is -d1 (base 15) in base 16?
-c4
-2b (base 12) to base 13
-29
Convert -87 (base 12) to base 15.
-6d
What is 11 (base 8) in base 3?
100
-9 (base 12) to base 13
-9
Convert -8 (base 16) to base 3.
-22
147 (base 10) to base 14
a7
-3a (base 11) to base 15
-2d
What is -1010 (base 6) in base 9?
-266
-1 (base 6) to base 16
-1
What is 19 (base 16) in base 9?
27
Convert -49 (base 11) to base 10.
-53
Convert 21 (base 3) to base 16.
7
Convert -12 (base 7) to base 14.
-9
2 (base 15) to base 10
2
-34 (base 10) to base 3
-1021
-28 (base 12) to base 16
-20
3 (base 9) to base 16
3
Convert -263 (base 7) to base 16.
-8f
Convert 122 (base 10) to base 5.
442
Convert a (base 13) to base 3.
101
Convert -6 (base 14) to base 4.
-12
82 (base 14) to base 12
96
What is 2 (base 8) in base 2?
10
7a (base 13) to base 3
10202
What is 6 (base 11) in base 14?
6
14 (base 16) to base 15
15
2 (base 7) to base 5
2
Convert 64 (base 13) to base 3.
10001
What is -1321 (base 4) in base 11?
-100
Convert 4 (base 11) to base 8.
4
18 (base 13) to base 6
33
Convert 49 (base 11) to base 2.
110101
What is 100 (base 5) in base 4?
121
10 (base 3) to base 13
3
Convert -20 (base 6) to base 8.
-14
Convert -5d (base 14) to base 11.
-76
What is 0 (base 9) in base 11?
0
Convert -2 (base 12) to base 3.
-2
3 (base 8) to base 3
10
What is -1013 (base 4) in base 2?
-1000111
What is -20 (base 3) in base 9?
-6
What is c8 (base 15) in base 5?
1223
Convert -19 (base 16) to base 13.
-1c
Convert 33 (base 7) to base 2.
11000
Convert -6 (base 14) to base 7.
-6
-403 (base 5) to base 13
-7c
What is 12 (base 7) in base 14?
9
-6 (base 7) to base 12
-6
What is be (base 16) in base 6?
514
Convert 30 (base 10) to base 9.
33
What is -22 (base 5) in base 8?
-14
-64 (base 16) to base 15
-6a
-1 (base 12) to base 2
-1
2 (base 14) to base 2
10
-111 (base 2) to base 14
-7
-57 (base 16) to base 6
-223
-17 (base 12) to base 13
-16
-1a (base 14) to base 8
-30
What is 230 (base 4) in base 8?
54
127 (base 8) to base 15
5c
Convert 11201 (base 4) to base 10.
353
Convert -2 (base 5) to base 10.
-2
Convert -6 (base 16) to base 13.
-6
What is 43 (base 14) in base 6?
135
What is 2 (base 11) in base 14?
2
What is -10110 (base 3) in base 15?
-63
What is -3 (base 13) in base 10?
-3
Convert 35 (base 12) to base 5.
131
Convert 1 (base 8) to base 15.
1
400 (base 6) to base 5
1034
-10101001 (base 2) to base 4
-2221
Convert -23 (base 6) to base 3.
-120
Convert -91 (base 11) to base 5.
-400
Convert 0 (base 15) to base 2.
0
Convert 2 (base 11) to base 7.
2
Convert 5 (base 12) to base 3.
12
Convert -11 (base 9) to base 3.
-101
-16 (base 7) to base 14
-d
-14 (base 14) to base 9
-20
1411 (base 5) to base 2
11100111
Convert -14 (base 6) to base 10.
-10
4 (base 11) to base 10
4
What is 113 (base 9) in base 13?
72
What is -45 (base 12) in base 4?
-311
6 (base 11) to base 7
6
3 (base 4) to base 16
3
-3 (base 10) to base 9
-3
Convert -a5 (base 12) to base 2.
-1111101
0 (base 13) to base 14
0
Convert 46 (base 11) to base 16.
32
2 (base 8) to base 4
2
What is -42 (base 10) in base 6?
-110
What is 5 (base 15) in base 2?
101
What is 3 (base 6) in base 12?
3
Convert 1 (base 7) to base 6.
1
-40 (base 7) to base 12
-24
Convert 24 (base 10) to base 9.
26
What is 3 (base 8) in base 13?
3
-21 (base 6) to base 12
-11
0 (base 9) to base 11
0
What is 1 (base 11) in base 6?
1
What is -126 (base 15) in base 5?
-2021
Convert -11 (base 6) to base 7.
-10
-2 (base 4) to base 12
-2
11 (base 3) to base 16
4
Convert -245 (base 6) to base 4.
-1211
What is 1 (base 6) in base 8?
1
-12 (base 6) to base 4
-20
Convert 64 (base 10) to base 12.
54
-3 (base 10) to base 5
-3
Convert -11 (base 7) to base 3.
-22
Convert -14 (base 12) to base 14.
-12
Convert -7 (base 11) to base 14.
-7
22 (base 5) to base 15
c
22 (base 14) to base 8
36
-13 (base 7) to base 16
-a
0 (base 7) to base 15
0
What is 12 (base 4) in base 13?
6
201 (base 3) to base 4
103
Convert 12 (base 5) to base 16.
7
What is -6 (base 16) in base 4?
-12
What is 51 (base 16) in base 12?
69
Convert -52 (base 8) to base 15.
-2c
26 (base 14) to base 11
31
What is 10 (base 2) in base 13?
2
3 (base 6) to base 16
3
-101 (base 8) to base 6
-145
-111100 (base 2) to base 14
-44
-23 (base 4) to base 2
-1011
Convert 3 (base 15) to base 6.
3
Convert -3 (base 13) to base 6.
-3
-1 (base 2) to base 7
-1
41 (base 13) to base 10
53
Convert -21 (base 6) to base 9.
-14
Convert -331 (base 6) to base 13.
-9a
Convert 253 (base 8) to base 7.
333
122 (base 3) to base 16
11
-33 (base 10) to base 11
-30
11 (base 2) to base 11
3
What is 120 (base 6) in base 10?
48
-32 (base 6) to base 8
-24
Convert -11 (base 14) to base 16.
-f
What is -29 (base 13) in base 16?
-23
Convert -11 (base 2) to base 10.
-3
10 (base 4) to base 11
4
Convert -152 (base 12) to base 13.
-12b
Convert -3 (base 16) to base 7.
-3
What is 1 (base 4) in base 11?
1
Convert 0 (base 10) to base 5.
0
What is 32 (base 8) in base 12?
22
-1d (base 15) to base 5
-103
What is -14 (base 5) in base 16?
-9
What is -17 (base 15) in base 9?
-24
Convert -31 (base 10) to base 9.
-34
Convert -1 (base 12) to base 3.
-1
3 (base 9) to base 11
3
205 (base 9) to base 16
a7
2a (base 14) to base 5
123
Convert -1 (base 5) to base 14.
-1
What is -13 (base 7) in base 5?
-20
Convert 0 (base 10) to base 15.
0
Convert -38 (base 9) to base 13.
-29
What is -300 (base 8) in base 3?
-21010
-4 (base 12) to base 15
-4
Convert 2 (base 11) to base 7.
2
What is -224 (base 7) in base 3?
-11022
-23 (base 7) to base 15
-12
84 (base 9) to base 2
1001100
What is -220 (base 12) in base 7?
-624
-1001 (base 3) to base 16
-1c
Convert -100 (base 2) to base 9.
-4
Convert 20a (base 11) to base 3.
100100
Convert 31 (base 5) to base 9.
17
What is 0 (base 16) in base 7?
0
What is 8 (base 16) in base 8?
10
What is -26 (base 9) in base 6?
-40
1042 (base 5) to base 10
147
What is 22 (base 3) in base 14?
8
Convert 89 (base 11) to base 9.
117
Convert -12 (base 9) to base 12.
-b
What is 72 (base 10) in base 6?
200
-6b (base 12) to base 15
-58
What is 4 (base 6) in base 8?
4
Convert -40 (base 12) to base 4.
-300
-5 (base 15) to base 8
-5
What is 1a 